{"id":36,"date":"2025-12-10T17:28:17","date_gmt":"2025-12-10T16:28:17","guid":{"rendered":"https:\/\/3d.edumaker.cz\/?page_id=36"},"modified":"2025-12-14T18:03:32","modified_gmt":"2025-12-14T17:03:32","slug":"kalibrace","status":"publish","type":"page","link":"https:\/\/3d.edumaker.cz\/?page_id=36","title":{"rendered":"Kalibrace"},"content":{"rendered":"\n<div class=\"wp-block-group is-vertical is-content-justification-left is-layout-flex wp-container-core-group-is-layout-3922f8d9 wp-block-group-is-layout-flex\" style=\"padding-top:var(--wp--preset--spacing--30);padding-right:var(--wp--preset--spacing--50);padding-bottom:var(--wp--preset--spacing--30);padding-left:var(--wp--preset--spacing--50)\">\n<p>Spr\u00e1vn\u00e1 kalibrace <strong>v\u00fd\u0161ky podlo\u017eky<\/strong> je z\u00e1kladn\u00edm krokem pro \u00fasp\u011b\u0161n\u00fd 3D tisk. Ur\u010duje vzd\u00e1lenost mezi tryskou a tiskovou plochou, co\u017e ovliv\u0148uje p\u0159ilnavost prvn\u00edch vrstev a celkovou kvalitu tisku.<\/p>\n\n\n\n<p>Pokud je tryska p\u0159\u00edli\u0161 <strong>vysoko<\/strong>, filament se nebude spr\u00e1vn\u011b chytat; <\/p>\n\n\n\n<p>pokud je naopak p\u0159\u00edli\u0161 <strong>n\u00edzko<\/strong>, m\u016f\u017ee doj\u00edt k po\u0161kozen\u00ed podlo\u017eky nebo ucp\u00e1n\u00ed trysky. <\/p>\n\n\n\n<p>N\u00e1sleduj\u00edc\u00ed postup v\u00e1m pom\u016f\u017ee nastavit ide\u00e1ln\u00ed v\u00fd\u0161ku a zajistit spolehliv\u00fd a kvalitn\u00ed tisk.<\/p>\n\n\n\n<details class=\"wp-block-details is-layout-flow wp-block-details-is-layout-flow\" open><summary>P\u0159ej\u010fete do <em>Settings<\/em>\u00a0>\u00a0<em>Leveling<\/em><\/summary>\n<figure class=\"wp-block-image size-large\"><img loading=\"lazy\" decoding=\"async\" width=\"1024\" height=\"768\" src=\"http:\/\/3d.edumaker.cz\/wp-content\/uploads\/2025\/12\/IMG_4289-1024x768.jpg\" alt=\"\" class=\"wp-image-38\" srcset=\"https:\/\/3d.edumaker.cz\/wp-content\/uploads\/2025\/12\/IMG_4289-1024x768.jpg 1024w, https:\/\/3d.edumaker.cz\/wp-content\/uploads\/2025\/12\/IMG_4289-300x225.jpg 300w, https:\/\/3d.edumaker.cz\/wp-content\/uploads\/2025\/12\/IMG_4289-768x576.jpg 768w, https:\/\/3d.edumaker.cz\/wp-content\/uploads\/2025\/12\/IMG_4289-1536x1152.jpg 1536w, https:\/\/3d.edumaker.cz\/wp-content\/uploads\/2025\/12\/IMG_4289.jpg 2016w\" sizes=\"auto, (max-width: 1024px) 100vw, 1024px\" \/><\/figure>\n<\/details>\n\n\n\n<details class=\"wp-block-details is-layout-flow wp-block-details-is-layout-flow\" open><summary>Klikn\u011bte na body (1\/2\/3\/4\/5) na obrazovce, abyste p\u0159esunuli trysku do ka\u017ed\u00e9 vyrovn\u00e1vac\u00ed polohy.<\/summary>\n<figure class=\"wp-block-image size-large\"><img loading=\"lazy\" decoding=\"async\" width=\"1024\" height=\"768\" src=\"http:\/\/3d.edumaker.cz\/wp-content\/uploads\/2025\/12\/IMG_4290-1024x768.jpg\" alt=\"\" class=\"wp-image-42\" srcset=\"https:\/\/3d.edumaker.cz\/wp-content\/uploads\/2025\/12\/IMG_4290-1024x768.jpg 1024w, https:\/\/3d.edumaker.cz\/wp-content\/uploads\/2025\/12\/IMG_4290-300x225.jpg 300w, https:\/\/3d.edumaker.cz\/wp-content\/uploads\/2025\/12\/IMG_4290-768x576.jpg 768w, https:\/\/3d.edumaker.cz\/wp-content\/uploads\/2025\/12\/IMG_4290-1536x1152.jpg 1536w, https:\/\/3d.edumaker.cz\/wp-content\/uploads\/2025\/12\/IMG_4290.jpg 2016w\" sizes=\"auto, (max-width: 1024px) 100vw, 1024px\" \/><\/figure>\n<\/details>\n\n\n\n<details class=\"wp-block-details is-layout-flow wp-block-details-is-layout-flow\" open><summary>Ot\u00e1\u010dejte vyrovn\u00e1vac\u00edm z\u00e1vitem pod platformou k nastaven\u00ed v\u00fd\u0161ky podlo\u017eky<\/summary>\n<figure class=\"wp-block-image size-large\"><img loading=\"lazy\" decoding=\"async\" width=\"1024\" height=\"768\" src=\"http:\/\/3d.edumaker.cz\/wp-content\/uploads\/2025\/12\/IMG_4294-1024x768.jpg\" alt=\"\" class=\"wp-image-44\" srcset=\"https:\/\/3d.edumaker.cz\/wp-content\/uploads\/2025\/12\/IMG_4294-1024x768.jpg 1024w, https:\/\/3d.edumaker.cz\/wp-content\/uploads\/2025\/12\/IMG_4294-300x225.jpg 300w, https:\/\/3d.edumaker.cz\/wp-content\/uploads\/2025\/12\/IMG_4294-768x576.jpg 768w, https:\/\/3d.edumaker.cz\/wp-content\/uploads\/2025\/12\/IMG_4294-1536x1152.jpg 1536w, https:\/\/3d.edumaker.cz\/wp-content\/uploads\/2025\/12\/IMG_4294.jpg 2016w\" sizes=\"auto, (max-width: 1024px) 100vw, 1024px\" \/><\/figure>\n<\/details>\n\n\n\n<details class=\"wp-block-details is-layout-flow wp-block-details-is-layout-flow\" open><summary>List pap\u00edru form\u00e1tu A4 by m\u011bl j\u00edt s m\u00edrn\u00fdm odporem posunout mezi tryskou a podlo\u017ekou.<\/summary>\n<figure class=\"wp-block-image size-large\"><img loading=\"lazy\" decoding=\"async\" width=\"1024\" height=\"768\" src=\"http:\/\/3d.edumaker.cz\/wp-content\/uploads\/2025\/12\/IMG_4291-1024x768.jpg\" alt=\"\" class=\"wp-image-43\" srcset=\"https:\/\/3d.edumaker.cz\/wp-content\/uploads\/2025\/12\/IMG_4291-1024x768.jpg 1024w, https:\/\/3d.edumaker.cz\/wp-content\/uploads\/2025\/12\/IMG_4291-300x225.jpg 300w, https:\/\/3d.edumaker.cz\/wp-content\/uploads\/2025\/12\/IMG_4291-768x576.jpg 768w, https:\/\/3d.edumaker.cz\/wp-content\/uploads\/2025\/12\/IMG_4291-1536x1152.jpg 1536w, https:\/\/3d.edumaker.cz\/wp-content\/uploads\/2025\/12\/IMG_4291.jpg 2016w\" sizes=\"auto, (max-width: 1024px) 100vw, 1024px\" \/><\/figure>\n<\/details>\n<\/div>\n\n\n\n<p>Opakujte pro v\u0161echny rohy. Mezera by m\u011bla b\u00fdt cca 0,1 mm.<\/p>\n","protected":false},"excerpt":{"rendered":"<p>Spr\u00e1vn\u00e1 kalibrace v\u00fd\u0161ky podlo\u017eky je z\u00e1kladn\u00edm krokem pro \u00fasp\u011b\u0161n\u00fd 3D tisk. Ur\u010duje vzd\u00e1lenost mezi tryskou a tiskovou plochou, co\u017e ovliv\u0148uje p\u0159ilnavost prvn\u00edch vrstev a celkovou kvalitu tisku. Pokud je tryska p\u0159\u00edli\u0161 vysoko, filament se nebude spr\u00e1vn\u011b chytat; pokud je naopak p\u0159\u00edli\u0161 n\u00edzko, m\u016f\u017ee doj\u00edt k po\u0161kozen\u00ed podlo\u017eky nebo ucp\u00e1n\u00ed trysky. N\u00e1sleduj\u00edc\u00ed postup v\u00e1m pom\u016f\u017ee nastavit [&hellip;]<\/p>\n","protected":false},"author":2,"featured_media":0,"parent":0,"menu_order":0,"comment_status":"closed","ping_status":"closed","template":"","meta":{"footnotes":""},"class_list":["post-36","page","type-page","status-publish","hentry"],"_links":{"self":[{"href":"https:\/\/3d.edumaker.cz\/index.php?rest_route=\/wp\/v2\/pages\/36","targetHints":{"allow":["GET"]}}],"collection":[{"href":"https:\/\/3d.edumaker.cz\/index.php?rest_route=\/wp\/v2\/pages"}],"about":[{"href":"https:\/\/3d.edumaker.cz\/index.php?rest_route=\/wp\/v2\/types\/page"}],"author":[{"embeddable":true,"href":"https:\/\/3d.edumaker.cz\/index.php?rest_route=\/wp\/v2\/users\/2"}],"replies":[{"embeddable":true,"href":"https:\/\/3d.edumaker.cz\/index.php?rest_route=%2Fwp%2Fv2%2Fcomments&post=36"}],"version-history":[{"count":16,"href":"https:\/\/3d.edumaker.cz\/index.php?rest_route=\/wp\/v2\/pages\/36\/revisions"}],"predecessor-version":[{"id":94,"href":"https:\/\/3d.edumaker.cz\/index.php?rest_route=\/wp\/v2\/pages\/36\/revisions\/94"}],"wp:attachment":[{"href":"https:\/\/3d.edumaker.cz\/index.php?rest_route=%2Fwp%2Fv2%2Fmedia&parent=36"}],"curies":[{"name":"wp","href":"https:\/\/api.w.org\/{rel}","templated":true}]}}